 number?
False
Is 10220647 a prime number?
True
Is 2747429 a prime number?
True
Is 9770707 composite?
False
Is 9574867 a prime number?
False
Is 11671259 prime?
True
Is 2650399 prime?
True
Is 26516839 a composite number?
False
Is 6587549 prime?
True
Is 447857 prime?
False
Is 671091 prime?
False
Is 1515541 prime?
True
Is 1806131 composite?
True
Is 9351841 composite?
False
Is 5356649 a composite number?
True
Is 91166897 a composite number?
False
Is 16432861 a prime number?
False
Is 1728871 a composite number?
False
Is 3388027 composite?
True
Is 63553201 composite?
True
Is 1303061 a composite number?
False
Is 11775923 composite?
True
Is 411239 a prime number?
False
Is 10904386 prime?
False
Is 36706465 a composite number?
True
Is 5497861 prime?
True
Is 540514181 composite?
True
Is 591321365 a prime number?
False
Is 30021091 composite?
False
Is 7942243 prime?
True
Is 414349 a prime number?
False
Is 540714323 prime?
False
Is 44194765 prime?
False
Is 322998851 a composite number?
True
Is 3527851 a composite number?
False
Is 29047 composite?
True
Is 3077365 a prime number?
False
Is 603704149 a prime number?
True
Is 62048983 prime?
False
Is 11598683 prime?
False
Is 1332053 a prime number?
False
Is 28818143 prime?
False
Is 3286897 prime?
False
Is 5131363 a prime number?
True
Is 207603433 a prime number?
False
Is 17747551 prime?
False
Is 48179 a prime number?
True
Is 15065549 composite?
True
Is 4429601 a prime number?
False
Is 4158391 a prime number?
True
Is 13916131 composite?
False
Is 57464899 a composite number?
True
Is 6257698 a composite number?
True
Is 25768417 composite?
False
Is 3409909 a composite number?
True
Is 16792963 prime?
False
Is 16183319 a composite number?
True
Is 17927113 prime?
True
Is 86385413 a composite number?
False
Is 222201627 composite?
True
Is 4422701 a composite number?
True
Is 4040381 a prime number?
False
Is 19087813 a composite number?
False
Is 115094809 composite?
False
Is 227236118 composite?
True
Is 53808101 a prime number?
False
Is 3226309 a composite number?
False
Is 6178561 composite?
False
Is 10392727 a prime number?
True
Is 916411 composite?
False
Is 18875299 a composite number?
False
Is 789674923 prime?
True
Is 430745927 composite?
False
Is 638585 composite?
True
Is 340435 composite?
True
Is 1013087 a prime number?
False
Is 86351339 a prime number?
True
Is 717729 composite?
True
Is 1460551 a prime number?
False
Is 74641269 composite?
True
Is 71563313 a prime number?
True
Is 1795697 a prime number?
True
Is 16899497 a composite number?
False
Is 36458783 a composite number?
True
Is 215738821 prime?
True
Is 19230221 composite?
True
Is 2283067 a prime number?
True
Is 727321 a prime number?
False
Is 13920329 a composite number?
True
Is 7696707 composite?
True
Is 5668351 prime?
False
Is 101247203 prime?
True
Is 148770679 a composite number?
True
Is 220643949 a composite number?
True
Is 7360351 composite?
True
Is 31370447 a prime number?
False
Is 60725963 prime?
True
Is 10957255 a composite number?
True
Is 360248723 a composite number?
False
Is 4288847 composite?
False
Is 16888007 composite?
False
Is 639563 prime?
True
Is 53588901 prime?
False
Is 863081 a composite number?
False
Is 4509761 composite?
True
Is 122035237 prime?
True
Is 22544273 prime?
True
Is 976137 prime?
False
Is 7816409 a prime number?
True
Is 1916657 a prime number?
False
Is 4200029 a composite number?
True
Is 5868113 prime?
False
Is 220770569 a composite number?
False
Is 8164313 prime?
False
Is 980393 a composite number?
False
Is 663591 prime?
False
Is 27601807 a composite number?
False
Is 2719631 a prime number?
True
Is 811213 prime?
False
Is 8965549 a prime number?
False
Is 50524471 a prime number?
True
Is 495032353 a prime number?
True
Is 2824319 a prime number?
True
Is 99217199 a prime number?
False
Is 113042561 a prime number?
True
Is 116898473 a prime number?
True
Is 5454263 a composite number?
True
Is 19720111 a composite number?
True
Is 6379601 prime?
True
Is 6158729 a composite number?
False
Is 1522349 a prime number?
False
Is 16415929 a prime number?
True
Is 80592619 a composite number?
False
Is 793271 a prime number?
False
Is 144129827 composite?
False
Is 482424169 a prime number?
True
Is 19201591 a composite number?
False
Is 2262157 composite?
True
Is 38070341 a composite number?
True
Is 28729853 a prime number?
True
Is 16799083 a prime number?
False
Is 157898541 prime?
False
Is 1252129 a prime number?
True
Is 3208735 a prime number?
False
Is 9252917 a prime number?
True
Is 247067 composite?
False
Is 5601361 prime?
True
Is 333458201 composite?
False
Is 271646747 a composite number?
False
Is 807276689 composite?
False
Is 42849701 composite?
False
Is 4601323 composite?
False
Is 13018969 composite?
False
Is 2366957 composite?
False
Is 1815593 a prime number?
False
Is 6097477 prime?
False
Is 5478197 composite?
False
Is 18988607 composite?
True
Is 20089651 prime?
True
Is 17343223 prime?
False
Is 476262211 a composite number?
True
Is 2440201 a prime number?
True
Is 63641 composite?
True
Is 108233 a prime number?
True
Is 8718089 a composite number?
False
Is 3144937 composite?
True
Is 2936429 composite?
False
Is 1225297 prime?
True
Is 2330243 prime?
False
Is 3221747 composite?
False
Is 4787161 a prime number?
True
Is 1501979 prime?
False
Is 2014487 a composite number?
False
Is 14623211 a prime number?
False
Is 9376781 a prime number?
False
Is 2904299 a composite number?
False
Is 3045391 composite?
True
Is 789749 composite?
False
Is 2678699 a composite number?
False
Is 82890883 a prime number?
True
Is 73813981 composite?
True
Is 49426849 prime?
True
Is 660851 composite?
False
Is 18203117 prime?
False
Is 7207331 a composite number?
False
Is 36131257 prime?
True
Is 3486611 a prime number?
True
Is 62142121 a prime number?
False
Is 329314033 a composite number?
False
Is 1469879 a prime number?
True
Is 3107854561 a composite number?
True
Is 43825087 prime?
False
Is 735815251 a prime number?
False
Is 19700893 a prime number?
True
Is 1999379 composite?
False
Is 8856709 a composite number?
True
Is 77142937 composite?
False
Is 601789 prime?
False
Is 109177801 a composite number?
False
Is 53415007 a composite number?
False
Is 46427159 a composite number?
True
Is 43640183 a composite number?
False
Is 14670367 composite?
True
Is 19317461 prime?
True
Is 174074 a prime number?
False
Is 59557877 composite?
True
Is 127279 a prime number?
False
Is 4434749 a prime number?
False
Is 2617493 prime?
False
Is 57961391 composite?
False
Is 1383253 composite?
True
Is 59457383 a prime number?
True
Is 20658611 prime?
True
Is 7646449 composite?
True
Is 19407671 composite?
False
Is 406067 composite?
False
Is 54244481 composite?
True
Is 15379739 composite?
False
Is 420383 a prime number?
True
Is 43305463 a composite number?
False
Is 3904283 composite?
False
Is 527240819 composite?
True
Is 285877106 composite?
True
Is 4012829 composite?
False
Is 9794789 a prime number?
True
Is 894329 prime?
True
Is 661016483 prime?
True
Is 2728241 a prime number?
True
Is 3194171239 a composite number?
True
Is 255254593 a prime number?
False
Is 591245645 a composite number?
True
Is 48638963 prime?
False
Is 97417217 a prime number?
True
Is 17546603 prime?
True
Is 445369 a prime number?
False
Is 157664339 a composite number?
True
Is 4907627 a prime number?
True
Is 244642 a prime number?
False
Is 35751715 prime?
False
Is 45505113 a composite number?
True
Is 50430803 prime?
False
Is 28734637 composite?
False
Is 145153421 prime?
False
Is 4174369 prime?
True
Is 24875027 prime?
False
Is 7039073 composite?
True
Is 107036749 prime?
True
Is 91861643 a prime number?
False
Is 5636731 prime?
True
Is 28248193 composite?
True
Is 276671 a prime number?
True
Is 10315297 a composite number?
False
Is 4345397 prime?
False
Is 99736601 prime?
True
Is 84119107 a prime number?
True
Is 50069 a composite number?
False
Is 430394 a composite number?
True
Is 50228771 prime?
False
Is 89602091 composite?
False
Is 50201 a prime number?
False
Is 91636231 a composite number?
False
Is 1840829 composite?
False
Is 34435691 a composite number?
False
Is 10799105 prime?
False
Is 911147 prime?
True
Is 4929499 a composite number?
True
Is 18540163 prime?
True
Is 98332321 prime?
True
Is 29354287 a composite number?
False
Is 1245337 a pri